- -3).
-9
What is (1 - 3 - 4) + 71 + -28 + -39?
-2
Calculate -11 - ((14 - 8) + -12) - -10.
5
Evaluate -1 - (18 + -24) - (18 - 1).
-12
Calculate 8 - (-6 - (2 - (-6 + 13))).
9
Calculate -25 + 15 + (6 - (-5 - 7)).
8
Calculate 0 + (63 - 49) + 3 + 2.
19
What is (22 - 36) + 6 + -1 + 8 + -8?
-9
-1 + 10 + (8 - 9) + -5 - 10
-7
Evaluate 528 - 524 - (-1 - 7).
12
Calculate -40 - (-45 + 14) - (-1 + -8).
0
What is 9 - (14 - 6 - 0) - (-7 - -2)?
6
Evaluate 5 + (1 - 0) + (132 - (91 - -76)).
-29
What is the value of 7 - (-5 + 3 + -5) - (-13 - -10)?
17
Calculate 14 + -7 + 6 + -7 - -1.
7
Calculate -9 + (-13 - (5 - (22 - 11))).
-16
Calculate -24 - (-32 - -6 - -16).
-14
24 + -37 + -14 + 24
-3
What is -8 + (-10 - (-10 + -5)) - -1?
-2
-5 + (2 - 3) - (-68 - -69)
-7
Evaluate -32 + (-1 + -8 - ((-29 - -44) + -28)).
-28
What is the value of (-4 - (2 + -8)) + 2 + -10 + 14?
8
Evaluate 14 + 1 + (3 + -5 - -13) + -4.
22
What is -11 + -27 + -4 - -39?
-3
What is (292 + -312 - (-2 - 0)) + (-1 - 3)?
-22
What is 22 + (3 + 5 - (12 - -8))?
10
Calculate -5 - (3 + -13 + (6 - 1)).
0
What is -5 + 2 - (294 - 281)?
-16
What is -10 - (0 + (4 - -3)) - -4?
-13
Evaluate -14 + 4 + -11 + -9 + 2 + -2.
-30
What is -2 + 6 - (-1 - -15 - 14)?
4
-19 - (7 + (10 - (-7 - -37)))
-6
What is the value of 22 + -7 - 4 - 2?
9
Evaluate 0 + 5 - (0 - (-2 - (-4 - -5))).
2
Calculate 37 - 15 - 7 - (30 + -4).
-11
(-13 - (8 + -4 - 6)) + 0
-11
Evaluate -4 + -1 - (-10 + -17 + 15 + -9).
16
(-23 - -10) + -1 - -2
-12
Calculate -1 + -1 + 0 + 3 + 3 - -7.
11
Evaluate -24 - 11 - (-24 + -3).
-8
What is 4 + (-3 + 5 - -2) + (-27 - -2)?
-17
14 + -24 + 19 + -7
2
Calculate -3 - (12 + 7 - 17).
-5
-8 + 0 + (-5 + -6 - -2 - 2)
-19
What is the value of (-5 - -1) + (8 - (2 + -1)) - 20?
-17
What is the value of -10 - (21 - 30 - -16)?
-17
What is -21 + 0 + -123 + 131?
-13
-37 - -14 - -8 - -23 - (37 + 0)
-29
Evaluate (1 - 0) + (-204 - -192).
-11
Evaluate -5 + -8 - -9 - -19 - 0.
15
Evaluate -14 - (-13 - ((9 - 5) + 6)).
9
Evaluate -8 - (1 + 9 - (-7 - -16)).
-9
What is 1 - (-13 + 19 + -10) - 1?
4
What is the value of 4 - (-9 - -7 - (-17 + 5 + 0))?
-6
Evaluate 7 - ((-1 - 14) + (-66 - -71)) - 8.
9
Calculate 0 - -27 - (8 + -11) - 7.
23
Calculate 34 + (-24 - (-28 + 19)).
19
Evaluate (-5 - -12) + -2 + 2 - -4.
11
What is (567 - 565) + 4 + (1 - 0)?
7
What is the value of 61 + -81 - -12 - (20 - 1)?
-27
What is 39 + (-29 - -18) - 45?
-17
15 - (16 + -4 + 17 + -8)
-6
What is the value of (2 - (-3 - (1 - 5))) + 14?
15
What is the value of -19 - (13 + (-12 - (-5 + 5 + -2)))?
-22
Evaluate 2 + -4 - (-8 + (-11 + 13 - 5)).
9
What is -16 - (-20 + 45 + -56)?
15
Calculate -43 + 93 + (30 - 55).
25
Calculate 7 - (2 - (3 + 0)) - (185 - 208).
31
What is (-13 - (-26 + 14)) + -1 + -2?
-4
Evaluate 0 + 1 + (2 - 2) + (519 - 539).
-19
What is the value of 7 + -1 + 4 - 2?
8
Calculate -93 + 96 + (2 + -3 + 0 - 10).
-8
8 + 4 - ((9 - (16 - 15)) + -16)
20
Calculate -3 - -6 - (-1 - -9) - (-6 - -1).
0
Calculate 15 - 23 - (14 + -7 - 6 - -19).
-28
Calculate 24 - (14 - (6 + 2)).
18
Evaluate 65 + -43 + -1 + -6 + (1 - 1).
15
(25 + -14 - 19) + (6 - 1)
-3
What is 7 + -3 + -33 + 25 - -19?
15
Evaluate 1 - 5 - (-35 + 26 + -6).
11
Calculate 0 + (-14 + 19 - 9) - (-14 + -1).
11
Calculate (0 - 6) + -17 + 17 - (1 - -4).
-11
(4 - 7) + 23 - 40
-20
What is -2 + (-8 - (-2 + -15))?
7
What is the value of 18 - (10 + (10 - 26))?
24
What is the value of -8 + 7 - 2 - (4 + -6)?
-1
Evaluate -1 + (20 - (-2 + 24)) + 3 + 1.
1
What is the value of 24 - (16 - -37 - 3)?
-26
What is the value of -50 + 37 + (3 - -2) + 2?
-6
What is -17 - ((-14 - 5) + 6 + 20)?
-24
What is the value of -12 + 17 - 12 - (-27 + (-2 - 2))?
24
Calculate (4 - 38) + 42 - (-1 - -2) - -4.
11
Evaluate (9 - 24) + (3 - -23).
11
What is 3 + (-7 - -12) + -17?
-9
What is the value of 13 + ((13 - 4) + -13 - 5)?
4
(10 - (-1 - -1)) + (40 - 32)
18
Evaluate 11 - (-12 - (2 + (29 - 20))).
34
What is 0 + (0 + -6 - (30 - 40)) + 3?
7
Evaluate (-1 - -15) + -2 + 1 - 9.
4
-9 + ((-14 - -46) + 14 - (-4 + 8))
33
What is -9 - (-3 + 5 + 1) - (132 + -171)?
27
(-4 - -1) + (14 - 28) + 6
-11
Evaluate -3 + 8 - (-2 - 0) - 9.
-2
Calculate -18 + 11 + 20 + 14 + -26.
1
What is the value of -1 + 3 + (-12 - -47 - 39)?
-2
-1 - 0 - -6 - (-4 - (-26 - 0))
-17
Evaluate 107 + -93 + (2 - 0) + -4 - -4.
16
(-17 + 37 - -9) + -28
1
What is 1 + (12 - 5) + (-10 - -21)?
19
What is the value of 18 - (38 + -14) - -2?
-4
Evaluate (7 - (-1 + -6 + -8)) + 8.
30
Evaluate 9 - 30 - -30 - 0.
9
Calculate (-10 - (11 - (49 + -3))) + -9.
16
What is the value of -9 + 2 - ((-7 - -1) + 15) - -3?
-13
Evaluate (18 - 9 - 9) + -1 - -4.
3
Evaluate -3 + (-2 - ((4 - (9 - 8)) + 0)).
-8
What is the value of 2 + 1 + 3 + -2 - -13?
17
Calculate 3 + -2 + (9 - 28) + 5.
-13
-37 - (-15 + -5 + 5)
-22
(-48 - -15) + 26 + (-2 - (2 + 1))
-12
-32 + 51 + -44 + 9
-16
Evaluate 24 - (-8 + (9 - (7 - (4 - -6)))).
20
What is (-2 - ((-1 - (10 - 7)) + 9)) + 7?
0
-11 + (40 - (3 + 28))
-2
Evaluate (2 + 18 - 4) + -39.
-23
What is (-19 - -5 - -7) + (-2 - 3)?
-12
What is -38 - (-29 + (-22 - -41) - (0 - 0))?
-28
What is the value of -21 + 10 + (-2 - 0)?
-13
Evaluate -15 - 2 - (-6 + 4 + 5 + -8).
-12
What is -111 + 102 - (-1 + -3) - (5 - 2)?
-8
Calculate -30 + 1 - (-273 - -251).
-7
Calculate (-13 - -12 - (0 + -9)) + (16 - -2).
26
What is the value of 6 + -17 - (2 + 4 + -2)?
-15
Calculate 7 + (-26 - -6) - (-2 - (3 - 2)).
-10
What is -127 + 170 + -29 + -3?
11
6 - (8 + -2) - (9 - 3)
-6
Evaluate -4 - (-6 + (5 - -8)).
-11
Evaluate -4 - (10 - 0 - 12) - -14.
12
(22 - -19 - 21) + -7 + (2 - 4)
11
(-21 - -39) + -33 - 0
-15
What is the value of 32 + (16 - (5 + 27))?
16
What is 0 + 2 - 1 - (-648 - -654)?
-5
What is the value of -16 + 21 + -12 + 39?
32
-54 - (12 - (41 - 1))
-26
-30 - (-19 - 0) - (6 - 22)
5
What is the value of -8 + 3 + (-13 - -5) + 8 - -6?
1
What is -1 + (11 + -2 - (-16 - -17)) + 6?
13
-8 + (3 + -2 - (11 + -10))
-8
What is the value of (43 - 28) + (-2 - (1 - 0) - 3)?
9
Calculate 2 + -4 - (0 - 7 - (-36 - -39)).
8
Calculate 6 + (-35 - 1) - -3.
-27
Calculate -20 - (5 + -4 + -4).
-17
What is the value of 13 + -7 + -1 + -25?
-20
What is the value of 5 - ((-70 - -72) + -2 + 0)?
5
Calculate -3 + 10 + -14 - (-3 + 0 - 3).
-1
-17 + 42 + -10 + -12
3
What is the value of 36 - 4 - (14 - -3)?
15
Calculate 9 - ((4 - (-3 + -4)) + -1) - -6.
5
Evaluate 6 + (15 - 9) + -24 + 11.
-1
Calculate 5 + 0 - (-665 + 669).
1
What is 22 + -22 - (-2 + -8 - -1) - 27?
-18
What is the value of -12 + (-5 - -18) + 10?
11
Calculate 7 - (-15 + 11 - -2).
9
5 + -6 - (17 - 14)
-4
Evaluate -5 - (-19 + -12 + 14).
12
What is 6 + 6 + -4 + (-1 - (-7 - -1))?
13
Calculate 12 - (2 + (0 - 1)).
11
What is the value of 122 + -102 - (-6 - (5 + -13))?
18
-8 + 7 + -6 + (-1 - -6) + -7
-9
What is -3 + -16 + 0 + (4 - -16 - 15)?
-14
Calculate 240 + -237 - (3 - -10).
-10
Calculate -4 + (-243 - -236) + (1 - -19) + -2.
7
Calculate (-56 + 60 - (-2 + -1)) + -23.
-16
Calculate -106 - -130 - (7 + -9 + (-3 - -3)).
26
Evaluate 32 - ((39 - -39) + -38).
-8
Calculate -22 - (23 + -80 + 20).
15
What is the value of 3 - (9 - (-3 + 7 + 1))?
-1
What is 5 - (-10 + 12 + 3 + -12)?
12
Evaluate (27 - 17) + -23 + -2 + (2 - -5).
-8
Calculate -27 + 9 + -48 - -40.
-26
What is -10 + (3 + -11 - (-2 + 5 - 5))?
-16
Evaluate -28 + 11 - 8 - -14.
-11
Evaluate -3 + (-3 - -2 - -5) + -7 - -27.
21
What is ((-7 - -7) + 3 - -1) + 5?
9
What is the value of 14 + (1 - ((-3 - -5) + 6 + -4))?
11
Calculate -139 + 127 + (6 - (-1 + -1)).
-4
Evaluate -1 - -6 - (19 - (2 + 3) - -3).
-12
Calculate -25 + -12 + 63 + -13.
13
Calculate (-26 - -1) + (-14 - -22).
-17
Calculate 182 + -124 + (2 - 34).
26
What is -20 + 16 + -7 + -1?
-12
What is -7 + (20 - (-18 - -9))?
22
Evaluate 0 + (-2 - -2) - (-10 + 9 + 6).
-5
Calculate 9 + -5 + -13 + -7 + 20.
4
Calculate 0 - 8 - (1 + -3 + 15).
-21
Evaluate 9 + (-8 - (5 - 8)) - -5.
9
15 + (2 - (11 - 1)) - (4 - 5)
8
What is the value of (28 - 25) + (3 + -15 - (-3 + -1))?
-5
What is the value of -9 + (-2 - 0) + 2 + 1?
-8
Calculate 1 - (5 + (-1 + -8 - -3) + 2).
0
(56 - 63) + -2 + (0 - -7) + 16
14
(14 - 31) + 23 - -3
9
Evaluate 14 + -11 + 8 + (-2 - 1) - -2.
10
(0 - (-7 - (-13 + 8))) + 0
2
What is 11 - (56 + (-5 - -12) + -22)?
-30
Evaluate (3 + -1 - -5 - -2) + -6.
3
13 - (4 + -1) - -5
15
What is the value of 9 - (20 + -13) 